) = 52169*b - 1043390. Determine n(20).
-10
Let q(s) = s**2 - 2274*s + 1277651. Give q(1014).
11
Let c(z) = 5*z**2 - 115*z - 1399. What is c(34)?
471
Let g(u) = -3*u**2 + 457*u - 16332. Determine g(66).
762
Let i(n) = -3*n**2 - 785*n + 3182. Calculate i(4).
-6
Let o(t) = -t**3 + 138*t**2 - 1077*t + 54769. Determine o(133).
-27
Let j(k) = -211*k - 12777. What is j(-73)?
2626
Let w(f) = -2842*f**2 - 46*f - 19. Give w(-1).
-2815
Let b(t) = 63*t**2 - 3911*t - 160. Give b(62).
-470
Let z(b) = -b**2 - 500*b - 62451. What is z(-244)?
13
Let y(a) = -13*a**2 + 1436*a + 837. What is y(111)?
60
Let c(s) = -4*s**3 + 1241*s**2 - 2478*s - 5. Give c(2).
-29
Let r(f) = -6*f**3 - 38*f**2 - 98*f - 1431. Give r(-13).
6603
Let z(x) = 14216*x - 2203464. Give z(155).
16
Let g(s) = 33*s**2 - 470*s + 1725. What is g(7)?
52
Let w(z) = 12*z**2 + 36*z - 1306. Give w(-13).
254
Let z(g) = 195*g**2 + 7208*g - 252. Determine z(-37).
7
Let z(b) = 13*b**2 + 4039*b + 313301. Determine z(-161).
-5
Let f(m) = 2*m**3 - 187*m**2 + 1945*m + 109. Calculate f(12).
-23
Let n(t) = -107*t - 8064. Determine n(-53).
-2393
Let c(h) = -21*h**2 - 246*h - 168. Determine c(-6).
552
Let w(k) = -27*k + 571. Calculate w(-15).
976
Let o(f) = f**2 - 54*f + 430. Give o(10).
-10
Let o(z) = z**3 + 18*z**2 + 3419*z + 20082. Give o(-6).
0
Let o(b) = 4*b**2 - 325*b - 15925. Give o(-34).
-251
Let l(p) = -p**3 + 7*p**2 - 1365*p + 8259. Give l(6).
105
Let z(k) = -1081*k - 157669. Give z(-146).
157
Let c(o) = -21*o**3 + 3*o**2 + 170*o + 560. Calculate c(-4).
1272
Let t(j) = -113094*j + 113129. What is t(1)?
35
Let q(n) = 3594*n - 61076. What is q(17)?
22
Let x(l) = -4264*l + 25514. What is x(6)?
-70
Let v(t) = -3*t**2 - 1112*t - 93531. Determine v(-129).
-6
Let q(j) = 45*j**3 + 2977*j**2 + 421*j - 2719. Determine q(-66).
-13
Let v(x) = 5*x**2 + 70*x - 625. Give v(9).
410
Let b(k) = -166*k**2 - 822*k - 23. Give b(-4).
609
Let h(j) = -j**3 - 8*j**2 + 1584*j + 15774. Determine h(-10).
134
Let p(i) = -221*i + 92319. Give p(416).
383
Let h(y) = -136*y + 20572. Determine h(161).
-1324
Let c(a) = 32*a**3 - 2877*a**2 - 266*a - 179. Calculate c(90).
181
Let b(a) = -99*a**2 + 6406*a + 1874. Determine b(65).
-11
Let a(q) = -77806*q + 1011467. Give a(13).
-11
Let h(v) = -v**3 - 700*v**2 - 2024*v + 186. Determine h(-3).
-15
Let k(p) = p**3 + 98*p**2 - 95*p + 18. Calculate k(-99).
-378
Let b(q) = 564*q - 27072. What is b(48)?
0
Let u(p) = 8244*p**2 - 123646*p - 107. Determine u(15).
103
Let b(x) = 2*x**3 - 140*x**2 - 21313*x - 75. Calculate b(-74).
-1
Let r(v) = -2*v**2 + 202*v - 1005. Determine r(101).
-1005
Let c(d) = d**3 - 45*d**2 - 3929*d - 574. Calculate c(-44).
-2
Let w(d) = 3345*d**2 + 23408*d + 13. Calculate w(-7).
62
Let a(x) = -x**3 - 755*x**2 + 1371*x - 108258. What is a(-757)?
-7
Let m(z) = -3*z**3 + 16*z**2 - 165*z + 1124. Give m(7).
-276
Let r(m) = 345*m + 59965. Give r(-174).
-65
Let r(d) = -34*d + 667. What is r(11)?
293
Let j(a) = -8978*a - 107756. Give j(-12).
-20
Let m(j) = -j**3 - 207*j**2 - 1411*j - 1939. What is m(-200)?
261
Let v(c) = 3280*c + 13879. Calculate v(-4).
759
Let u(j) = 1344*j + 60853. Calculate u(-45).
373
Let u(l) = l**3 - 82*l**2 + 1406*l - 814. Calculate u(58).
-2
Let w(d) = -65*d**2 + 334*d + 1534. Give w(8).
46
Let c(n) = 43*n**2 - 6885*n + 2494. What is c(160)?
1694
Let o(s) = -s**3 - 156*s**2 - 309*s - 98. Calculate o(-154).
56
Let k(a) = 1253*a - 126. Calculate k(-1).
-1379
Let x(h) = -h**3 - 4*h**2 + 6015*h + 53730. Calculate x(-9).
0
Let u(q) = -q**3 - 30*q**2 - 176*q + 1639. Give u(-26).
3511
Let l(n) = 60035*n - 119927. Calculate l(2).
143
Let u(t) = 36*t**3 + 97*t**2 + 14*t + 19. Determine u(-2).
91
Let g(w) = -9*w**3 - 36*w**2 + 982*w + 1329. Determine g(-12).
-87
Let s(l) = -3*l**2 + 107*l + 153. Give s(38).
-113
Let j(s) = 51*s**2 + 484*s - 2954. Calculate j(6).
1786
Let r(y) = 198*y**2 + 973*y - 54. Calculate r(-5).
31
Let y(l) = -35*l**3 - 75*l**2 - 36*l - 58. Calculate y(-2).
-6
Let z(l) = 16271*l + 536943. Determine z(-33).
0
Let h(w) = -87720*w + 2280684. What is h(26)?
-36
Let z(g) = -g**2 + 41864*g + 7145774. Determine z(-170).
-6
Let c(v) = 1125*v + 16828. Calculate c(-15).
-47
Let z(q) = -3*q**2 + 5*q + 317. Give z(-6).
179
Let w(t) = t**3 + 696*t**2 - 89579*t + 245. What is w(111)?
23
Let r(z) = 8260*z + 57865. What is r(-7)?
45
Let w(j) = -581*j - 22662. Determine w(-39).
-3
Let g(w) = -w**3 - 139*w**2 - 1424*w - 2043. Calculate g(-128).
5
Let w(s) = 24*s**2 + 28*s - 70. Determine w(0).
-70
Let t(n) = -637785*n + 1913303. What is t(3)?
-52
Let w(x) = -12*x**3 - 21*x**2 - 42802*x - 85618. Give w(-2).
-2
Let i(d) = 10*d**2 - 402*d - 2460. Determine i(-6).
312
Let k(q) = 3178*q - 28055. Determine k(9).
547
Let q(t) = t**3 + 6*t**2 - 9379*t - 120762. Calculate q(-13).
-18
Let h(w) = -175879*w + 351775. What is h(2)?
17
Let i(x) = 876*x - 445. Determine i(0).
-445
Let v(n) = -2*n**2 + 398*n - 10417. Determine v(167).
271
Let l(y) = -6*y**3 - 20*y**2 + 78*y + 191. Give l(8).
-3537
Let o(s) = 1477*s - 12984. What is o(9)?
309
Let h(o) = 120*o**2 - 9603*o + 264. Determine h(80).
24
Let m(g) = -g**3 - 19*g**2 + 107*g - 127. Calculate m(2).
3
Let t(j) = 61721*j + 493793. What is t(-8)?
25
Let r(y) = -y**3 - 4*y**2 + 1817*y + 12590. Determine r(-7).
18
Let n(m) = -2*m**3 + 11645*m**2 - 151063*m + 210. Calculate n(13).
2
Let p(r) = 2143*r**2 - 1035073*r + 1930. Determine p(483).
-2
Let a(k) = -2*k**3 - 207*k**2 + 101*k - 271. What is a(-104)?
41
Let s(y) = -1406*y - 7482. Give s(-6).
954
Let a(y) = -1331*y - 17104. Determine a(-13).
199
Let r(p) = -2*p**2 + 17*p + 49097. Give r(161).
-8
Let x(s) = -2048*s + 4114. Give x(2).
18
Let y(p) = 1305*p - 18255. Determine y(14).
15
Let d(m) = 2*m**2 + 10010*m - 70178. Calculate d(7).
-10
Let t(w) = w**3 + 20*w**2 - 264*w - 4515. Determine t(-16).
733
Let o(h) = -3*h**2 - 94*h + 2509. What is o(22)?
-1011
Let u(d) = -2150*d - 152596. What is u(-71)?
54
Let a(w) = 1938*w + 296571. Give a(-153).
57
Let f(q) = -q**3 - 29*q**2 - 67*q - 732. Calculate f(-26).
-1018
Let a(i) = 5879*i - 53280. Give a(9).
-369
Let j(u) = -823*u**2 - 46936*u - 1432. Give j(-57).
-7
Let x(v) = v**2 + 587*v - 297655. Give x(326).
-17
Let g(z) = 1398*z - 1049. Calculate g(2).
1747
Let a(f) = -316*f**2 - 6960*f - 174. Give a(-22).
2
Let x(d) = d**3 + d**2 + 6863*d + 34468. Determine x(-5).
53
Let x(b) = 4*b**3 - 167*b**2 + 116*b + 152. Determine x(41).
-135
Let r(g) = g**3 + 35*g**2 - 124*g + 47. Determine r(4).
175
Let w(v) = -55*v**2 - 59*v - 212. Calculate w(-7).
-2494
Let g(n) = 7779*n - 754554. What is g(97)?
9
Let m(l) = 76*l**2 - 261*l + 95. Calculate m(3).
-4
Let t(x) = -148*x + 20770. Give t(139).
198
Let u(g) = -1646*g - 131684. What is u(-80)?
-4
Let t(b) = 1169*b - 64555. What is t(55)?
-260
Let o(l) = -l**3 + 32*l**2 - 40*l - 113. Calculate o(29).
1250
Let j(o) = -23325*o - 1842672. What is j(-79)?
3
Let g(p) = p**3 + 7*p**2 - 851*p + 2595. What is g(3)?
132
Let j(q) = 2*q**3 + 3044*q**2 + 21212*q + 5. What is j(-7)?
-9
Let i(s) = -19*s**2 - 11146*s + 4085. Calculate i(-587).
-24
Let m(w) = -9*w**2 + 2444*w - 91820. What is m(45)?
-65
Let f(r) = 725*r - 67545. Calculate f(93).
-120
Let v(d) = 4*d + 340. Calculate v(-90).
-20
Let t(y) = -y**3 - 110*y**2 - 678*y - 26804. What is t(-106)?
120
Let y(v) = -578340*v + 4048385. Give y(7).
5
Let l(d) = -63*d + 11067. Calculate l(216).
-2541
Let u(l) = 2455*l**3 + 2*l**2 - 23*l - 24. Determine u(-1).
-2454
Let n(j) = -13*j**2 - 748*j + 905. Determine n(-59).
-216
Let t(b) = b**3 - 221*b**2 + 242*b - 2021. Determine t(220).
2819
Let z(n) = 7677*n + 64574. Calculate z(-8).
3158
Let g(w) = -60*w**2 - 2974*w - 5700. What is g(-2)?
8
Let g(f) = -f**2 - 2108*f - 4240. Give g(-2).
-28
Let w(k) = 81*k - 3699. What is w(45)?
-54
Let t(r) = 2*r**2 + 107*r + 1414. What is t(-15)?
259
Let x(u) = 25584*u + 511737. Determine x(-20).
57
Let n(b) = -11*b**2 - 167*b + 446. Give n(-18).
-112
Let a(j) = -j**2 + 685*j - 15110. Calculate a(23).
116
Let g(u) = -4*u**3 - 652*u**2 - 6*u - 946. Give g(-163).
32
Let t(u) = -3250*u - 971745. Calculate t(-299).
5
Let o(s) = 10039*s - 180249. Give o(18).
453
Let f(b) = 2*b**3 - 318*b**2 - 40*b + 6356. Calculate f(159).
-4
Let r(m) = m**3 + 93*m**2 + 852*m - 13. Give r(-9).
-877
L